{"id":388,"date":"2026-02-01T19:54:10","date_gmt":"2026-02-01T19:54:10","guid":{"rendered":"https:\/\/gironaillustration.com\/?page_id=388"},"modified":"2026-02-02T12:14:53","modified_gmt":"2026-02-02T12:14:53","slug":"avis-legal","status":"publish","type":"page","link":"https:\/\/gironaillustration.com\/index.php\/avis-legal\/","title":{"rendered":"Av\u00eds legal"},"content":{"rendered":"<p>[et_pb_section fb_built=&#8221;1&#8243; _builder_version=&#8221;4.27.4&#8243; _module_preset=&#8221;default&#8221; global_colors_info=&#8221;{}&#8221;][et_pb_row _builder_version=&#8221;4.27.4&#8243; _module_preset=&#8221;default&#8221; max_width=&#8221;80%&#8221; module_alignment=&#8221;center&#8221; custom_margin=&#8221;-50px||||false|false&#8221; global_colors_info=&#8221;{}&#8221;][et_pb_column type=&#8221;4_4&#8243; _builder_version=&#8221;4.27.4&#8243; _module_preset=&#8221;default&#8221; global_colors_info=&#8221;{}&#8221;][et_pb_text _builder_version=&#8221;4.27.5&#8243; _module_preset=&#8221;default&#8221; custom_padding=&#8221;0px||||false|false&#8221; global_colors_info=&#8221;{}&#8221;]<\/p>\n<h2 class=\"et_pb_module_header\" style=\"text-align: center;\">Av\u00eds legal<\/h2>\n<p data-start=\"324\" data-end=\"496\">En compliment del que disposa la Llei 34\/2002, d\u201911 de juliol, de serveis de la societat de la informaci\u00f3 i de comer\u00e7 electr\u00f2nic (LSSI-CE), s\u2019informa de les dades seg\u00fcents:<\/p>\n<h3 data-start=\"498\" data-end=\"526\">1. Dades identificatives<\/h3>\n<p data-start=\"528\" data-end=\"788\"><strong data-start=\"528\" data-end=\"540\">Titular:<\/strong> \u00d2scar Pina<br data-start=\"551\" data-end=\"554\" \/><strong data-start=\"554\" data-end=\"562\">NIF:<\/strong> 37377267-J<br data-start=\"573\" data-end=\"576\" \/><strong data-start=\"576\" data-end=\"598\">Correu electr\u00f2nic:<\/strong> <a data-start=\"599\" data-end=\"617\" class=\"decorated-link cursor-pointer\" rel=\"noopener\">info@oscarpina.com<span aria-hidden=\"true\" class=\"ms-0.5 inline-block align-middle leading-none\"><svg xmlns=\"http:\/\/www.w3.org\/2000\/svg\" width=\"20\" height=\"20\" aria-hidden=\"true\" data-rtl-flip=\"\" class=\"block h-[0.75em] w-[0.75em] stroke-current stroke-[0.75]\"><use href=\"\/cdn\/assets\/sprites-core-c9exbsc1.svg#304883\" fill=\"currentColor\"><\/use><\/svg><\/span><\/a><br data-start=\"617\" data-end=\"620\" \/><strong data-start=\"620\" data-end=\"633\">Domicili:<\/strong> Espanya<br data-start=\"641\" data-end=\"644\" \/><strong data-start=\"644\" data-end=\"657\">Lloc web:<\/strong> <a data-start=\"658\" data-end=\"688\" rel=\"noopener\" target=\"_new\" class=\"decorated-link cursor-pointer\">https:\/\/gironaillustration.com<span aria-hidden=\"true\" class=\"ms-0.5 inline-block align-middle leading-none\"><svg xmlns=\"http:\/\/www.w3.org\/2000\/svg\" width=\"20\" height=\"20\" aria-hidden=\"true\" data-rtl-flip=\"\" class=\"block h-[0.75em] w-[0.75em] stroke-current stroke-[0.75]\"><use href=\"\/cdn\/assets\/sprites-core-c9exbsc1.svg#304883\" fill=\"currentColor\"><\/use><\/svg><\/span><\/a><br data-start=\"688\" data-end=\"691\" \/><strong data-start=\"691\" data-end=\"705\">Activitat:<\/strong> Artista pl\u00e0stic i il\u00b7lustrador. Difusi\u00f3 d\u2019obra art\u00edstica i activitat professional.<\/p>\n<hr data-start=\"790\" data-end=\"793\" \/>\n<h3 data-start=\"795\" data-end=\"822\">2. Objecte del lloc web<\/h3>\n<p data-start=\"824\" data-end=\"1011\">El present lloc web t\u00e9 com a finalitat la presentaci\u00f3 i difusi\u00f3 del projecte art\u00edstic <em data-start=\"910\" data-end=\"931\">Girona Illustration<\/em>, aix\u00ed com l\u2019exhibici\u00f3 d\u2019il\u00b7lustracions i obra original realitzades pel titular.<\/p>\n<p data-start=\"1013\" data-end=\"1242\">Aquest lloc web <strong data-start=\"1029\" data-end=\"1073\">no realitza vendes directes de productes<\/strong>.<br data-start=\"1074\" data-end=\"1077\" \/>L\u2019adquisici\u00f3 d\u2019obres es duu a terme mitjan\u00e7ant plataformes externes o mitjan\u00e7ant contacte directe amb l\u2019autor, a trav\u00e9s dels enlla\u00e7os disponibles en aquest lloc web.<\/p>\n<hr data-start=\"1244\" data-end=\"1247\" \/>\n<h3 data-start=\"1249\" data-end=\"1271\">3. Condicions d\u2019\u00fas<\/h3>\n<p data-start=\"1273\" data-end=\"1470\">L\u2019acc\u00e9s i \u00fas d\u2019aquest lloc web atribueix la condici\u00f3 d\u2019usuari i implica l\u2019acceptaci\u00f3 plena de les disposicions incloses en el present Av\u00eds Legal des del mateix moment en qu\u00e8 s\u2019accedeix al lloc web.<\/p>\n<p data-start=\"1472\" data-end=\"1693\">L\u2019usuari es compromet a fer un \u00fas adequat dels continguts i serveis que el titular ofereix a trav\u00e9s del lloc web i a no emprar-los per a activitats il\u00b7l\u00edcites, il\u00b7legals o contr\u00e0ries a la bona fe i a l\u2019ordenament jur\u00eddic.<\/p>\n<hr data-start=\"1695\" data-end=\"1698\" \/>\n<h3 data-start=\"1700\" data-end=\"1743\">4. Propietat intel\u00b7lectual i industrial<\/h3>\n<p data-start=\"1745\" data-end=\"2005\">Tots els continguts d\u2019aquest lloc web, incloent-hi, a t\u00edtol enunciatiu per\u00f2 no limitatiu, textos, imatges, il\u00b7lustracions, obres art\u00edstiques, disseny gr\u00e0fic i qualsevol altre material, s\u00f3n propietat del titular o es disposa dels drets necessaris per al seu \u00fas.<\/p>\n<p data-start=\"2007\" data-end=\"2159\">Queda expressament prohibida la reproducci\u00f3, distribuci\u00f3, comunicaci\u00f3 p\u00fablica o transformaci\u00f3 dels continguts sense l\u2019autoritzaci\u00f3 expressa del titular.<\/p>\n<hr data-start=\"2161\" data-end=\"2164\" \/>\n<h3 data-start=\"2166\" data-end=\"2188\">5. Responsabilitat<\/h3>\n<p data-start=\"2190\" data-end=\"2359\">El titular no es fa responsable dels possibles errors o omissions en els continguts del lloc web ni dels danys derivats de l\u2019\u00fas de la informaci\u00f3 continguda en el mateix.<\/p>\n<p data-start=\"2361\" data-end=\"2553\">Aix\u00ed mateix, el titular no assumeix cap responsabilitat pels continguts, pol\u00edtiques o pr\u00e0ctiques dels llocs web de tercers als quals es pugui accedir mitjan\u00e7ant enlla\u00e7os des d\u2019aquest lloc web.<\/p>\n<hr data-start=\"2555\" data-end=\"2558\" \/>\n<h3 data-start=\"2560\" data-end=\"2583\">6. Enlla\u00e7os externs<\/h3>\n<p data-start=\"2585\" data-end=\"2833\">Aquest lloc web pot contenir enlla\u00e7os a llocs web de tercers, incloses plataformes de venda online.<br data-start=\"2684\" data-end=\"2687\" \/>El titular no exerceix cap control sobre aquests llocs ni sobre els seus continguts, per la qual cosa no assumeix cap responsabilitat al respecte.<\/p>\n<hr data-start=\"2835\" data-end=\"2838\" \/>\n<h3 data-start=\"2840\" data-end=\"2881\">7. Legislaci\u00f3 aplicable i jurisdicci\u00f3<\/h3>\n<p data-start=\"2883\" data-end=\"3139\">El present Av\u00eds Legal es regeix per la legislaci\u00f3 espanyola.<br data-start=\"2943\" data-end=\"2946\" \/>Per a la resoluci\u00f3 de qualsevol controv\u00e8rsia que es pugui derivar de l\u2019acc\u00e9s o \u00fas del lloc web, les parts se sotmeten als jutjats i tribunals que corresponguin d\u2019acord amb la legislaci\u00f3 vigent.<\/p>\n<p data-start=\"4069\" data-end=\"4213\">\n<p>[\/et_pb_text][\/et_pb_column][\/et_pb_row][et_pb_row _builder_version=&#8221;4.27.5&#8243; _module_preset=&#8221;default&#8221; max_width=&#8221;400px&#8221; module_alignment=&#8221;center&#8221; hover_enabled=&#8221;0&#8243; global_colors_info=&#8221;{}&#8221; column_structure=&#8221;1_2,1_2&#8243; sticky_enabled=&#8221;0&#8243;][et_pb_column type=&#8221;1_2&#8243; _builder_version=&#8221;4.27.5&#8243; _module_preset=&#8221;default&#8221; global_colors_info=&#8221;{}&#8221;][et_pb_button button_url=&#8221;https:\/\/gironaillustration.com\/index.php\/politica-de-cookies\/&#8221; button_text=&#8221;POL\u00cdTICA DE COOKIES&#8221; button_alignment=&#8221;center&#8221; _builder_version=&#8221;4.27.5&#8243; _module_preset=&#8221;default&#8221; button_font=&#8221;&#8211;et_global_body_font|500|||||||&#8221; hover_enabled=&#8221;0&#8243; global_colors_info=&#8221;{}&#8221; sticky_enabled=&#8221;0&#8243;][\/et_pb_button][\/et_pb_column][et_pb_column type=&#8221;1_2&#8243; _builder_version=&#8221;4.27.5&#8243; _module_preset=&#8221;default&#8221; global_colors_info=&#8221;{}&#8221;][et_pb_button button_url=&#8221;https:\/\/gironaillustration.com\/&#8221; button_text=&#8221;TORNAR A INICI&#8221; button_alignment=&#8221;center&#8221; _builder_version=&#8221;4.27.5&#8243; _module_preset=&#8221;default&#8221; button_font=&#8221;&#8211;et_global_body_font|500|||||||&#8221; hover_enabled=&#8221;0&#8243; global_colors_info=&#8221;{}&#8221; sticky_enabled=&#8221;0&#8243;][\/et_pb_button][\/et_pb_column][\/et_pb_row][\/et_pb_section]<\/p>\n","protected":false},"excerpt":{"rendered":"<p>Av\u00eds legal En compliment del que disposa la Llei 34\/2002, d\u201911 de juliol, de serveis de la societat de la informaci\u00f3 i de comer\u00e7 electr\u00f2nic (LSSI-CE), s\u2019informa de les dades seg\u00fcents: 1. Dades identificatives Titular: \u00d2scar PinaNIF: 37377267-JCorreu electr\u00f2nic: info@oscarpina.comDomicili: EspanyaLloc web: https:\/\/gironaillustration.comActivitat: Artista pl\u00e0stic i il\u00b7lustrador. Difusi\u00f3 d\u2019obra art\u00edstica i activitat professional. 2. Objecte [&hellip;]<\/p>\n","protected":false},"author":1,"featured_media":0,"parent":0,"menu_order":0,"comment_status":"closed","ping_status":"closed","template":"","meta":{"_et_pb_use_builder":"on","_et_pb_old_content":"","_et_gb_content_width":"","footnotes":""},"class_list":["post-388","page","type-page","status-publish","hentry"],"_links":{"self":[{"href":"https:\/\/gironaillustration.com\/index.php\/wp-json\/wp\/v2\/pages\/388","targetHints":{"allow":["GET"]}}],"collection":[{"href":"https:\/\/gironaillustration.com\/index.php\/wp-json\/wp\/v2\/pages"}],"about":[{"href":"https:\/\/gironaillustration.com\/index.php\/wp-json\/wp\/v2\/types\/page"}],"author":[{"embeddable":true,"href":"https:\/\/gironaillustration.com\/index.php\/wp-json\/wp\/v2\/users\/1"}],"replies":[{"embeddable":true,"href":"https:\/\/gironaillustration.com\/index.php\/wp-json\/wp\/v2\/comments?post=388"}],"version-history":[{"count":13,"href":"https:\/\/gironaillustration.com\/index.php\/wp-json\/wp\/v2\/pages\/388\/revisions"}],"predecessor-version":[{"id":570,"href":"https:\/\/gironaillustration.com\/index.php\/wp-json\/wp\/v2\/pages\/388\/revisions\/570"}],"wp:attachment":[{"href":"https:\/\/gironaillustration.com\/index.php\/wp-json\/wp\/v2\/media?parent=388"}],"curies":[{"name":"wp","href":"https:\/\/api.w.org\/{rel}","templated":true}]}}